et f = 0 - 0. Let d be f/(0/2 + 1). Let h(v) = d + 3*v**3 + 4 - v**2 - 4*v**3. What is h(0)?
4
Let m be (-4)/((6 + -4)/(-2)). Let t(r) = r**2 - 3*r + 2. What is t(m)?
6
Let s(p) = -p**3 + 2*p**2 - p. Suppose 5*r = -5*r + 30. What is s(r)?
-12
Let x(q) = -1 + 3 - 6*q - 1. Suppose 6 = -2*r + 2*c, 0*c - 4*c + 16 = 0. Let b be x(r). Let y(v) = -v**2 - 6*v - 2. Calculate y(b).
3
Let k(u) = u**2 - 3*u + 3. Let f be k(3). Let h(v) = 2*v + 2. Give h(f).
8
Let x be -18 - (3/1 + -1). Let f(t) = 6*t**2 + 5*t. Let p(j) = -j**2 - j. Let r(y) = x*p(y) - 4*f(y). Determine r(1).
-4
Let y(p) = p**3 + 19*p**2 - p - 18. Let n be y(-19). Let a(g) be the third derivative of g**5/20 - g**4/24 + g**3/6 - g**2. Give a(n).
3
Let u(z) = z**2 - 4*z - 4. Let v be u(5). Let t(q) = -5*q + 0*q**2 - q - 3*q**2 + v + 5*q. Determine t(1).
-3
Let p(r) = 2*r - 2. Suppose -4*h + 6*h = -3*k + 34, -2*k + 21 = 3*h. Suppose 4*x + 4 = k. Let b be x/(-4)*(-1 - 3). Calculate p(b).
2
Let s(p) be the third derivative of 0*p + 0 + 2*p**2 + 0*p**4 - 1/6*p**3 + 1/60*p**5. Determine s(1).
0
Let w(g) be the third derivative of g**4/12 + g**3/6 - 3*g**2. Let q be (8/10)/(4/10). Let n(x) = -2*x - 2. Let f(h) = q*n(h) + 3*w(h). Determine f(-1).
-3
Suppose 30 = -49*g + 54*g. Let q(a) = -a**3 + 7*a**2 - 9*a + 1. What is q(g)?
-17
Suppose 0*r = 3*r - 6. Let t(w) = 7*w**2 - 5*w + 3. Let v(l) = 3*l**2 - 2*l + 1. Let q(c) = -2*t(c) + 5*v(c). Calculate q(r).
3
Let l(x) = x + 9. Let d = 22 + -27. Calculate l(d).
4
Let b(o) = -7 + 12 + o - 2. Calculate b(0).
3
Let o(v) be the first derivative of -3*v**2/2 - 4*v - 8. Let d(c) = 8*c + 11. Let q(u) = -4*d(u) - 11*o(u). Determine q(-5).
-5
Suppose 0 = -4*q + 34 + 10. Let w be q/(-3) + (-2)/6. Let c(g) be the second derivative of -g**3/2 - 3*g**2 + 2*g. What is c(w)?
6
Let d be ((-90)/54)/((-2)/6). Let s = -10 - -15. Suppose -5*o - 20 = -d*f, o - s*f + 20 = 3*o. Let a(h) = -h - 3. What is a(o)?
-3
Let j(f) be the first derivative of 3*f**2 - 2*f - 9. Determine j(4).
22
Suppose -4*j + 28 = 4. Let x(p) = p**2 - 7*p + 7. Give x(j).
1
Let g = 15 - 10. Suppose -4*z + g*z = 3. Let c(h) be the first derivative of h**4/4 - h**3 + h - 2. What is c(z)?
1
Let v be (-1 + 4)*(-12)/(-9). Let j(h) = 0*h**2 - 3 - h**2 + 2*h - v*h. Give j(-2).
-3
Let q(l) = -l**2 - 6*l - 1. Let t be -3 + 7/((-14)/(-16)). Suppose 0*c = c - t*h + 11, -31 = 5*c - h. Calculate q(c).
-1
Let v(x) = 7 - 5*x - 3*x + 0 + 1 + x**2. Determine v(6).
-4
Let n(x) = -x**2 + 8*x - 7. Let j be n(6). Suppose 1 = k - z, 4*k + 2 - 11 = -z. Let i(r) = -r**3 + 6*r**2 - 2*r**2 + 5 - 2*r**k + 3*r**2. Calculate i(j).
5
Let p = 10 + -10. Let x(l) be the third derivative of -3*l**2 + 0 + l**3 + p*l - 1/24*l**4. Give x(5).
1
Suppose -4*t = 2*o + 26, 6*o - o + 5 = 2*t. Let f(i) = i**2 + 6*i + 6. Let j be f(t). Let y(b) = -7*b**2 - 2*b + 1 + 0*b + 5*b**2. What is y(j)?
-3
Let y(a) be the first derivative of -a**7/840 - 7*a**6/360 - a**5/120 - a**4/24 - 2*a**3/3 - 1. Let d(v) be the third derivative of y(v). What is d(-7)?
6
Let k(q) = 2*q - 9. Let z be k(6). Let g(x) = 4*x + 4 - 5*x**2 + 2*x**2 - 3*x**2 + x**z. Give g(5).
-1
Let x(c) = -4*c**3 - 3*c**2 - 2*c - 2. Let y(v) = -v**3 - v**2. Let f(i) = -x(i) + 5*y(i). What is f(-2)?
-2
Let n(k) = k**2 - 5*k + 1. Let z be n(4). Let g = 5 + z. Let s(u) = 5*u**2 - 2 + 2*u - 7*u**2 + 1. Determine s(g).
-5
Let z(j) = -12*j**2 + 5*j**2 + 6*j**2 + 6*j. Let r(u) = u. Let k be r(3). Calculate z(k).
9
Let g(c) = -11*c + 1. Let t(j) = -j**3 - j**2 + 7*j + 2. Let k be t(-3). Calculate g(k).
12
Let x = -9 + 7. Let s(z) = -z**2 + z. Let a(d) = 6*d**2 - 5*d - 1. Let k(b) = x*a(b) - 11*s(b). Calculate k(3).
-10
Let g(x) = -x**3 + 3*x**2 + 2*x - 4. Let p be 32/24*(-9)/(-4). Give g(p).
2
Let h(w) be the first derivative of w**4/4 - 2*w**3 + w**2/2 + 2*w - 51. Determine h(6).
8
Let n(m) = -m**3 - 3*m**2 + 3*m + 2. Let f be (-32)/10 + (-12)/(-60). Determine n(f).
-7
Let z(q) be the second derivative of q**3/6 - q**2/2 + 10*q. Determine z(1).
0
Let m(r) = 1. Let v(h) = -5*h**2 + 2*h - 2. Let k(b) = -4*m(b) - v(b). Determine k(2).
14
Let l be (-3)/((-9)/30) - 3. Let k(b) = 33 - 31 - b**3 + b**2 + 0*b**3 - 7*b + 7*b**2. Give k(l).
2
Suppose 4*v - 16 = 0, 0*v = -o - 2*v + 8. Suppose o*d = -4*d + 16. Suppose d*q - 5*n = 2 + 10, 0 = 4*q + 2*n + 16. Let f(b) = b**2 + 4*b - 1. Determine f(q).
-5
Let l(c) = -c. Let s(y) = -y + 3. Let z be s(3). Let h = 2 + z. Let o(b) = -b**2. Let p be o(h). What is l(p)?
4
Let m(d) = 3*d**2 - d - 1. Let p be 27/(-33) + 2/(-11). Let o be m(p). Let s(l) = 2 - l - 2 + 4*l**o + 1. What is s(1)?
4
Let d(z) = -z**3 - 6*z**2 + z. Let y(l) be the third derivative of -l**6/40 - 19*l**5/60 + l**4/6 - l**3/6 + 2*l**2. Let a(t) = 7*d(t) - 2*y(t). Give a(-3).
-4
Let d(l) = l**2 - 3*l - 20. Let p be d(6). Let r(q) = q**2 + q + 4. Let o(b) = -b**2 - b - 3. Let f(k) = 4*o(k) + 3*r(k). Calculate f(p).
-2
Let i(g) be the first derivative of -g**3/3 + 5*g**2/2 - 4*g + 1. Let v be 15/(-3)*-1*1. What is i(v)?
-4
Suppose -7*s = -1 + 43. Let g(n) = n**3 + 6*n**2 + 2*n - 1. Calculate g(s).
-13
Let g(y) = y - 11. Let l(d) = d - 11. Let b(q) = -7*g(q) + 6*l(q). Suppose -4*v = v. Calculate b(v).
11
Suppose -4*l + 7 = -1. Let f(g) = 3*g - 1. Give f(l).
5
Let u(t) be the second derivative of t**5/20 + t**4/4 + 2*t**2 - 2*t. Let y be u(-3). Let i(n) be the third derivative of n**4/24 - n**3/3 + 4*n**2. Give i(y).
2
Let k(w) be the first derivative of -5 + 1/2*w**2 + w + 1/4*w**4 + 1/3*w**3. What is k(0)?
1
Let z(y) = 3*y + 2. Suppose -6*f = -2*f + 24. Let d be (-2)/(-4) + 3/f. Suppose -2*m + 4*v - 18 = d, 3*m + 12 = -v + 2*v. Calculate z(m).
-7
Let v(k) = k**2 - k - 1. Let w be 274/18 + 8/(-36). Let a = 17 - w. Determine v(a).
1
Let w(t) be the first derivative of t**2/2 - 2*t - 4. Determine w(2).
0
Let m(v) = -7*v**2 - 4*v**2 + 12*v**2. Give m(4).
16
Suppose 3*x + 2*x = 0. Let m(a) = 2 + x*a + 2 - 2*a. Let n(p) = -p + 5. Let r(u) = 6*m(u) - 5*n(u). What is r(-1)?
6
Let j be 5*(4 - (-68)/(-20)). Let k(x) = -x + 6*x + j - 2 - 4*x. Calculate k(3).
4
Let z(i) = -3*i + 6. Let a = 18 - 14. Calculate z(a).
-6
Let p be (2/(-3))/(12/(-18)). Let h(b) be the first derivative of b**6/30 - b**5/60 + b**2 + 1. Let w(t) be the second derivative of h(t). What is w(p)?
3
Let h(i) = i**2 - 4*i + 2. Let m be h(3). Let o(y) = 2*y. Determine o(m).
-2
Suppose 7*s + 6 = 5*s. Let k(y) = -y**3 - 4*y**2 - 4*y - 2. Calculate k(s).
1
Suppose -t + 4*w + 5 = 4*t, -3*w = 15. Let q = -2 - t. Let r(j) = q - j**3 - 3*j + 3*j**2 - 3*j + 3*j**2. Calculate r(5).
-4
Let a(y) be the third derivative of 2/3*y**3 - 4*y**2 + 0 + 1/24*y**4 + 0*y. Let i be a(-8). Let w(r) = -2*r - 3. Determine w(i).
5
Let s(m) = m - 3. Let h(n) = -n + 4. Let j(y) = -6*h(y) - 7*s(y). Let c be 1/((-2)/(-4)) - 5. Let k be j(c). Let d(b) = b**2 + 8. What is d(k)?
8
Let y(r) = 2*r**3 + r. Let v be 10/(-14) + (-6)/21. Determine y(v).
-3
Let l(m) = -m**2 - 11*m + 6. Let g be l(-11). Let d(t) = -t. Determine d(g).
-6
Let l(s) = -s**3 - 12*s**2 + 5*s - 11. Let k(f) = -f**3 - 11*f**2 + 4*f - 10. Let g(p) = -6*k(p) + 5*l(p). Suppose -716 = -5*t - 746. Calculate g(t).
-1
Let f(w) be the third derivative of 1/120*w**6 + 0*w**5 - 1/24*w**4 + 0*w - 2*w**2 + 0 - 1/3*w**3. Let n = 5 + -7. Calculate f(n).
-8
Let y(m) = -22*m - 5 - 1 + 13*m - m**2. Let q be y(-8). Let k(j) = -j - 11*j**2 + 11 + 12*j**q - 4. Calculate k(0).
7
Let w(i) be the third derivative of i**5/30 + i**4/6 + i**3/3 - i**2. Let k be w(-2). Let o(b) = -2*b + b**k + 0 + 4 + b. Determine o(3).
10
Suppose -7*o + 30 = 2. Let q(n) be the third derivative of -1/3*n**o - n**2 + 0 + 1/120*n**6 - 1/15*n**5 + n**3 + 0*n. What is q(5)?
-9
Let g(n) = 1 + 0 + 7*n**2 + 6 - 10*n - 6*n**2. Calculate g(8).
-9
Let l(n) = -4*n. Let w be l(-1). Let v(q) = w + q + 3*q - 6*q + q**2. Suppose 0*d = 3*d - 9. Determine v(d).
7
Let f = 38 + -34. Let v(l) be the first derivative of l**2/2 - 7*l - 1. Give v(f).
-3
Let y = 10 - 7. Let d(n) = -5 - y*n + 4 + 7*n. Calculate d(1).
3
Let h(q) be the first derivative of 0*q**3 + 1 + 1/2*q**2 - 5/2*q**4 - q. Suppose 2 = -2*o + 4*o. Determine h(o).
-10
Let n(a) be the first derivative of 29*a**4/4 - a**3/3 - a**2/2 + a - 9. What is n(1)?
28
Let g(l) = l**2 - l. Suppose 13 = 5*i + 2*s, -2*s -